{"id":143,"date":"2016-07-15T08:32:51","date_gmt":"2016-07-15T08:32:51","guid":{"rendered":"http:\/\/sw-themes.com\/porto_dummy\/?page_id=143"},"modified":"2023-12-05T08:34:11","modified_gmt":"2023-12-05T08:34:11","slug":"home","status":"publish","type":"page","link":"https:\/\/mubemuhendislik.com\/","title":{"rendered":"ANASAYFA"},"content":{"rendered":"<p>[vc_row wrap_container=&#8221;yes&#8221; el_class=&#8221;p-t-xxl p-b-xxl&#8221;][vc_column offset=&#8221;vc_col-md-4&#8243;][vc_custom_heading text=&#8221;Biz kimiz?&#8221; use_theme_fonts=&#8221;yes&#8221; el_class=&#8221;m-t-md m-b-none&#8221;][vc_column_text el_class=&#8221;lead m-b-none&#8221;]Mekanik tesisat konular\u0131nda\u00a0proje, kontrol\u00f6rl\u00fck ve m\u00fcsavirlik\u00a0hizmetleri vermekteyiz.[\/vc_column_text][\/vc_column][vc_column width=&#8221;1\/6&#8243; offset=&#8221;vc_hidden-sm vc_hidden-xs&#8221;][vc_single_image source=&#8221;external_link&#8221; custom_src=&#8221;\/\/sw-themes.com\/porto_dummy\/wp-content\/uploads\/images\/dotted-line-angle.png&#8221; el_class=&#8221;m-t-n-xs m-b-none&#8221;][\/vc_column][vc_column offset=&#8221;vc_col-md-6&#8243;][vc_column_text el_class=&#8221;m-t-md m-b-none&#8221;]\u015eirketimiz 2022 y\u0131l\u0131nda Arife Y\u0131ld\u0131r\u0131m taraf\u0131ndan kurulmu\u015ftur. Uzun y\u0131llar \u00e7al\u0131\u015ft\u0131\u011f\u0131 proje i\u015flerinde isin tasar\u0131m taraf\u0131nda ve \u015fantiyelerde uygulama taraf\u0131nda olarak tesisat sekt\u00f6r\u00fcne hizmet etmi\u015f, bir\u00e7ok uluslararas\u0131 binalar\u0131n mekanik tesisat\u00a0Projelerini ba\u015far\u0131yla tamamlam\u0131\u015ft\u0131r. Sonras\u0131nda Mube M\u00fchendislik Proje, Taahh\u00fct, Dan\u0131\u015fmanl\u0131k Ticaret Ltd. \u015eti. ile tesisat sekt\u00f6r\u00fcnde \u00e7al\u0131\u015fmaya devam etmektedir.<\/p>\n<p><a href=\"https:\/\/mubemuhendislik.com\/index.php\/company\/\">Learn More\u00a0\u00bb<\/a>[\/vc_column_text][\/vc_column][\/vc_row][vc_row wrap_container=&#8221;yes&#8221; is_section=&#8221;yes&#8221; section_skin=&#8221;tertiary&#8221; remove_margin_top=&#8221;yes&#8221; remove_margin_bottom=&#8221;yes&#8221; remove_border=&#8221;yes&#8221; el_class=&#8221;section-custom-construction&#8221;][vc_column][vc_custom_heading text=&#8221;Faaliyet Alanlar\u0131&#8221; use_theme_fonts=&#8221;yes&#8221; el_class=&#8221;m-t-md m-b-none&#8221;][vc_column_text el_class=&#8221;lead m-b-xl&#8221;]Mekanik tesisat proje, taahh\u00fct, kontrol\u00f6rl\u00fck ve m\u00fcsavirlik hizmetleri vermekteyiz.[\/vc_column_text][vc_row_inner][vc_column_inner width=&#8221;1\/2&#8243; animation_type=&#8221;fadeInUp&#8221;]<div class=\"porto-sicon-box style_1 left-icon\"><div class=\"porto-sicon-left\"><div id=\"porto-icon-117448496969f38cc94a992\" class=\"porto-just-icon-wrapper\" style=\"text-align:center;\"><div class=\"porto-icon none\" style=\"font-size:32px;display:inline-block;\"><i class=\"fas fa-angle-right\"><\/i><\/div><\/div><\/div><div class=\"porto-sicon-body\"><div class=\"porto-sicon-header\"><h3 class=\"porto-sicon-title\" style=\"font-size:20px;\">\u00d6zel ve Kamu Binalar\u0131<\/h3><\/div> <!-- header --><div class=\"porto-sicon-description\" style=\"\">Havalimanlar\u0131, Tatil k\u00f6yleri, Hastaneler, Egitim binalar\u0131, Ticaret merkezleri, Villalar, Ofis binalar\u0131, Y\u00fcksek nitelikli konutlar, Oteller<a class=\"porto-sicon-read xx\" href=\"https:\/\/mubemuhendislik.com\/index.php\/services\/\">Daha fazla<span>&nbsp;&raquo;<\/span><\/a><\/div> <!-- description --><\/div><\/div><!-- porto-sicon-box -->[\/vc_column_inner][vc_column_inner width=&#8221;1\/2&#8243; animation_delay=&#8221;300&#8243; animation_type=&#8221;fadeInUp&#8221;]<div class=\"porto-sicon-box style_1 left-icon\"><div class=\"porto-sicon-left\"><div id=\"porto-icon-90913385969f38cc94b13c\" class=\"porto-just-icon-wrapper\" style=\"text-align:center;\"><div class=\"porto-icon none\" style=\"font-size:32px;display:inline-block;\"><i class=\"fas fa-angle-right\"><\/i><\/div><\/div><\/div><div class=\"porto-sicon-body\"><div class=\"porto-sicon-header\"><h3 class=\"porto-sicon-title\" style=\"font-size:20px;\">Enerji Geri Kazan\u0131m Sistemleri ve Merkezleri<\/h3><\/div> <!-- header --><div class=\"porto-sicon-description\" style=\"\"><a class=\"porto-sicon-read xx\" href=\"https:\/\/mubemuhendislik.com\/index.php\/services\/\">Daha fazla<span>&nbsp;&raquo;<\/span><\/a><\/div> <!-- description --><\/div><\/div><!-- porto-sicon-box -->[\/vc_column_inner][\/vc_row_inner][vc_row_inner][vc_column_inner width=&#8221;1\/2&#8243; animation_type=&#8221;fadeInUp&#8221;]<div class=\"porto-sicon-box style_1 left-icon\"><div class=\"porto-sicon-left\"><div id=\"porto-icon-19644815369f38cc94b88b\" class=\"porto-just-icon-wrapper\" style=\"text-align:center;\"><div class=\"porto-icon none\" style=\"font-size:32px;display:inline-block;\"><i class=\"fas fa-angle-right\"><\/i><\/div><\/div><\/div><div class=\"porto-sicon-body\"><div class=\"porto-sicon-header\"><h3 class=\"porto-sicon-title\" style=\"font-size:20px;\">End\u00fcstriyel Tesisler<\/h3><\/div> <!-- header --><div class=\"porto-sicon-description\" style=\"\">Tekstil, Otomotiv, G\u0131da, Kimyasal Tesisler, G\u00fc\u00e7 Binalar\u0131,<a class=\"porto-sicon-read xx\" href=\"https:\/\/mubemuhendislik.com\/index.php\/services\/\">Daha fazla<span>&nbsp;&raquo;<\/span><\/a><\/div> <!-- description --><\/div><\/div><!-- porto-sicon-box -->[\/vc_column_inner][vc_column_inner width=&#8221;1\/2&#8243; animation_delay=&#8221;300&#8243; animation_type=&#8221;fadeInUp&#8221;]<div class=\"porto-sicon-box style_1 left-icon\"><div class=\"porto-sicon-left\"><div id=\"porto-icon-205622579369f38cc94bfea\" class=\"porto-just-icon-wrapper\" style=\"text-align:center;\"><div class=\"porto-icon none\" style=\"font-size:32px;display:inline-block;\"><i class=\"fas fa-angle-right\"><\/i><\/div><\/div><\/div><div class=\"porto-sicon-body\"><div class=\"porto-sicon-header\"><h3 class=\"porto-sicon-title\" style=\"font-size:20px;\">Uluslararas\u0131 Deneyimler<\/h3><\/div> <!-- header --><div class=\"porto-sicon-description\" style=\"\"><a class=\"porto-sicon-read xx\" href=\"https:\/\/mubemuhendislik.com\/index.php\/services\/\">Daha fazla<span>&nbsp;&raquo;<\/span><\/a><\/div> <!-- description --><\/div><\/div><!-- porto-sicon-box -->[\/vc_column_inner][\/vc_row_inner][\/vc_column][\/vc_row][vc_row wrap_container=&#8221;yes&#8221; is_section=&#8221;yes&#8221; section_skin=&#8221;parallax&#8221; remove_margin_top=&#8221;yes&#8221; remove_margin_bottom=&#8221;yes&#8221; remove_border=&#8221;yes&#8221; el_class=&#8221;home-concept-construction&#8221; css=&#8221;.vc_custom_1506478901675{background-image: url(\/\/sw-themes.com\/porto_dummy\/wp-content\/uploads\/2016\/07\/home-concept-small.png?id=112) !important;}&#8221;][vc_column][vc_custom_heading text=&#8221;Projeler&#8221; use_theme_fonts=&#8221;yes&#8221; el_class=&#8221;m-t-md m-b-none&#8221;]<div class=\"lightbox\" data-plugin-options=\"{&quot;delegate&quot;:&quot;.diamond&quot;,&quot;type&quot;:&quot;image&quot;,&quot;gallery&quot;:{&quot;enabled&quot;:true}}\"><ul class=\"porto-diamonds\">\t<li>\n\t\t<a href=\"https:\/\/mubemuhendislik.com\/wp-content\/uploads\/2023\/12\/zorlu-center-jpg-zorlu-center-su-yalitimi.jpg\" class=\"diamond\" title=\"\">\n\t\t\t<div class=\"content\">\n\t\t\t\t<img decoding=\"async\" src=\"https:\/\/mubemuhendislik.com\/wp-content\/uploads\/2023\/12\/zorlu-center-jpg-zorlu-center-su-yalitimi-1.jpg\" alt=\"\" class=\"img-responsive\">\n\t\t\t<\/div>\n\t\t<\/a>\n\t<\/li>\n\t<li>\n\t\t<a href=\"https:\/\/mubemuhendislik.com\/wp-content\/uploads\/2023\/12\/galataport.jpg\" class=\"diamond\" title=\"\">\n\t\t\t<div class=\"content\">\n\t\t\t\t<img decoding=\"async\" src=\"https:\/\/mubemuhendislik.com\/wp-content\/uploads\/2023\/12\/galataport.jpg\" alt=\"\" class=\"img-responsive\">\n\t\t\t<\/div>\n\t\t<\/a>\n\t<\/li>\n\t<li>\n\t\t<a href=\"https:\/\/mubemuhendislik.com\/wp-content\/uploads\/2023\/12\/BUYAKA.jpg\" class=\"diamond\" title=\"\">\n\t\t\t<div class=\"content\">\n\t\t\t\t<img decoding=\"async\" src=\"https:\/\/mubemuhendislik.com\/wp-content\/uploads\/2023\/12\/BUYAKA.jpg\" alt=\"\" class=\"img-responsive\">\n\t\t\t<\/div>\n\t\t<\/a>\n\t<\/li>\n\t<li>\n\t\t<a href=\"https:\/\/mubemuhendislik.com\/wp-content\/uploads\/2023\/12\/kocaeli-sehir-hast-1.jpg\" class=\"diamond diamond-sm\" title=\"\">\n\t\t\t<div class=\"content\">\n\t\t\t\t<img decoding=\"async\" src=\"https:\/\/mubemuhendislik.com\/wp-content\/uploads\/2023\/12\/kocaeli-sehir-hast-1.jpg\" alt=\"\" class=\"img-responsive\">\n\t\t\t<\/div>\n\t\t<\/a>\n\t<\/li>\n\t<li>\n\t\t<a href=\"https:\/\/mubemuhendislik.com\/wp-content\/uploads\/2023\/12\/SAMARA-AVM.jpg\" class=\"diamond\" title=\"\">\n\t\t\t<div class=\"content\">\n\t\t\t\t<img decoding=\"async\" src=\"https:\/\/mubemuhendislik.com\/wp-content\/uploads\/2023\/12\/SAMARA-AVM.jpg\" alt=\"\" class=\"img-responsive\">\n\t\t\t<\/div>\n\t\t<\/a>\n\t<\/li>\n\t<li>\n\t\t<a href=\"https:\/\/mubemuhendislik.com\/wp-content\/uploads\/2023\/12\/Jfk-medical-center-edison-2-1.jpg\" class=\"diamond diamond-sm\" title=\"\">\n\t\t\t<div class=\"content\">\n\t\t\t\t<img decoding=\"async\" src=\"https:\/\/mubemuhendislik.com\/wp-content\/uploads\/2023\/12\/Jfk-medical-center-edison-2-1.jpg\" alt=\"\" class=\"img-responsive\">\n\t\t\t<\/div>\n\t\t<\/a>\n\t<\/li>\n\t<li>\n\t\t<a href=\"https:\/\/mubemuhendislik.com\/wp-content\/uploads\/2023\/12\/nahcivan.jpg\" class=\"diamond diamond-sm\" title=\"\">\n\t\t\t<div class=\"content\">\n\t\t\t\t<img decoding=\"async\" src=\"https:\/\/mubemuhendislik.com\/wp-content\/uploads\/2023\/12\/nahcivan.jpg\" alt=\"\" class=\"img-responsive\">\n\t\t\t<\/div>\n\t\t<\/a>\n\t<\/li>\n<\/ul><\/div>[vc_row_inner][vc_column_inner el_class=&#8221;row-diamons-description&#8221; width=&#8221;1\/2&#8243;][vc_column_text el_class=&#8221;m-b-md&#8221;]Tamamlanm\u0131\u015f olan projelerimizden baz\u0131 \u00f6rnekler.[\/vc_column_text][vc_btn title=&#8221;Di\u011fer Projelerimiz&#8221; style=&#8221;outline&#8221; shape=&#8221;square&#8221; skin=&#8221;primary&#8221; link=&#8221;url:https%3A%2F%2Fmubemuhendislik.com%2Findex.php%2Fprojeler%2F&#8221;][\/vc_column_inner][\/vc_row_inner][\/vc_column][\/vc_row]<\/p>\n","protected":false},"excerpt":{"rendered":"<p>[vc_row wrap_container=&#8221;yes&#8221; el_class=&#8221;p-t-xxl p-b-xxl&#8221;][vc_column offset=&#8221;vc_col-md-4&#8243;][vc_custom_heading text=&#8221;Biz kimiz?&#8221; use_theme_fonts=&#8221;yes&#8221; el_class=&#8221;m-t-md m-b-none&#8221;][vc_column_text el_class=&#8221;lead m-b-none&#8221;]Mekanik tesisat konular\u0131nda\u00a0proje, kontrol\u00f6rl\u00fck ve m\u00fcsavirlik\u00a0hizmetleri vermekteyiz.[\/vc_column_text][\/vc_column][vc_column width=&#8221;1\/6&#8243; offset=&#8221;vc_hidden-sm vc_hidden-xs&#8221;][vc_single_image source=&#8221;external_link&#8221; custom_src=&#8221;\/\/sw-themes.com\/porto_dummy\/wp-content\/uploads\/images\/dotted-line-angle.png&#8221; el_class=&#8221;m-t-n-xs m-b-none&#8221;][\/vc_column][vc_column offset=&#8221;vc_col-md-6&#8243;][vc_column_text el_class=&#8221;m-t-md m-b-none&#8221;]\u015eirketimiz 2022 y\u0131l\u0131nda Arife Y\u0131ld\u0131r\u0131m taraf\u0131ndan kurulmu\u015ftur. Uzun y\u0131llar \u00e7al\u0131\u015ft\u0131\u011f\u0131 proje i\u015flerinde isin tasar\u0131m taraf\u0131nda ve \u015fantiyelerde uygulama taraf\u0131nda olarak tesisat sekt\u00f6r\u00fcne hizmet etmi\u015f, bir\u00e7ok uluslararas\u0131 binalar\u0131n mekanik [&hellip;]<\/p>\n","protected":false},"author":1,"featured_media":0,"parent":0,"menu_order":0,"comment_status":"closed","ping_status":"closed","template":"","meta":{"footnotes":""},"class_list":["post-143","page","type-page","status-publish","hentry"],"_links":{"self":[{"href":"https:\/\/mubemuhendislik.com\/index.php\/wp-json\/wp\/v2\/pages\/143","targetHints":{"allow":["GET"]}}],"collection":[{"href":"https:\/\/mubemuhendislik.com\/index.php\/wp-json\/wp\/v2\/pages"}],"about":[{"href":"https:\/\/mubemuhendislik.com\/index.php\/wp-json\/wp\/v2\/types\/page"}],"author":[{"embeddable":true,"href":"https:\/\/mubemuhendislik.com\/index.php\/wp-json\/wp\/v2\/users\/1"}],"replies":[{"embeddable":true,"href":"https:\/\/mubemuhendislik.com\/index.php\/wp-json\/wp\/v2\/comments?post=143"}],"version-history":[{"count":11,"href":"https:\/\/mubemuhendislik.com\/index.php\/wp-json\/wp\/v2\/pages\/143\/revisions"}],"predecessor-version":[{"id":275,"href":"https:\/\/mubemuhendislik.com\/index.php\/wp-json\/wp\/v2\/pages\/143\/revisions\/275"}],"wp:attachment":[{"href":"https:\/\/mubemuhendislik.com\/index.php\/wp-json\/wp\/v2\/media?parent=143"}],"curies":[{"name":"wp","href":"https:\/\/api.w.org\/{rel}","templated":true}]}}